 + 4 + 3 - 8*q + 0*q. Let g(l) = 8*l - 10. Let w(b) = -5*g(b) - 4*i(b). Calculate w(1).
-6
Suppose 5*r + c - 31 = -45, 0 = 2*c - 12. Let d(t) = t**2 + 23*t + 70. Give d(r).
-6
Let s(z) = z**3 - z + 1. Let c(i) = -5*i**2 - 5*i - 3. Let h(l) = c(l) - s(l). Let w be (-1)/(-5) - 356/80 - 2/(-8). What is h(w)?
-4
Let q(v) be the second derivative of v**6/360 - 7*v**5/120 - v**4/8 + 56*v**3/3 + 2*v + 1. Let x(y) be the second derivative of q(y). Give x(8).
5
Suppose 0*d + 2*d = -40. Let n be (-24)/13 - d/(-130). Let r be n/4 + 25/50. Let u(q) = q - 4. What is u(r)?
-4
Let c(v) = -v + 20. Let y be c(0). Let k = -9 + y. Suppose -f = 5*u - 35 + k, 3*f - u - 8 = 0. Let z(n) = n**3 - 4*n**2 - 2*n + 4. Give z(f).
-4
Let o(p) be the first derivative of -7*p**2/2 + 81*p + 1273. Give o(11).
4
Let d(r) = 201 - r**2 - 31 + 20*r - 37 - 54. Determine d(23).
10
Let z = 16 + -9. Let m be ((-6)/2)/1 + 9. Let i(v) = -m - 11*v**2 + 6 - 7*v + 12*v**2. Determine i(z).
0
Let s(l) be the first derivative of l**4/2 - 4*l**3/3 + 2*l**2 - 3*l + 12671. Let h be (2/4)/(1/4). What is s(h)?
5
Let a(f) = f**3 + 2*f**2 - 7*f + 5. Let y(q) = 2*q**2 - 49*q - 23. Let i be y(25). What is a(i)?
7
Let r(x) = x**3 + 19*x**2 + 31*x - 50. Let q be (-478)/1912 + 67/(-4). Determine r(q).
1
Let p(h) = 205*h - 620. Let f be p(3). Let u(t) = -t**3 - 4*t**2 - 6*t - 14. What is u(f)?
41
Let s(a) = 5*a**2 + 66*a + 1. Let r = 10790 - 10803. Calculate s(r).
-12
Let m = -24 - -54. Let t be (103/2)/1 + 33/(-22). Suppose -t*x + 44*x = -m. Let o(g) = g**3 - 6*g**2 + 3*g + 1. What is o(x)?
-9
Let h be ((-9)/(-4))/((-15)/(-20)). Let l = h - 1. Let v(u) = 3*u + 2*u**3 - 4*u**2 - 2*u - l + 6*u**2 + 0*u. Calculate v(-2).
-12
Let p(w) = -17*w**2 - 6*w + 3. Let z(s) = 6*s**2 + 2*s - 1. Let t(q) = q**3 + 16*q**2 - 36*q + 4. Let k be t(-18). Let m(l) = k*p(l) + 11*z(l). Calculate m(3).
-23
Let f(g) = -g**3 - 5*g**2 - 2*g + 4. Suppose 0 = 266*a - 267*a + 5. Suppose 0*k + 21 = -2*k - a*u, 5*k + 3 = 4*u. What is f(k)?
-8
Let p = 79 + -77. Suppose -6*c + 3*c = i - 10, p*c = -i + 9. Let d(m) = -m**3 + 6*m**2 + 6*m + 7. Give d(i).
0
Suppose -5*l + 22 = -3*l. Let q(g) = 0 - 10*g + 0 + 2 + 2*g**2 + l*g. Let f be (-6)/(-27) - (-29)/(-9). Give q(f).
17
Let d(o) = -o**2 + 8*o + 2. Let r be d(6). Let m(k) = -k + 16. Let b be m(r). Let u(t) = -71 + 74 - 2*t - t**3 + 0*t + 8*t**b. Give u(8).
-13
Suppose -5*j - 15 = 0, 2*c - 3*j = -2*c + 9. Let p(y) = y**2 + y - 50. What is p(c)?
-50
Let s(r) = 22*r + 144. Let v(f) = -99*f - 649. Let h(n) = -22*s(n) - 5*v(n). Give h(-6).
11
Let z(r) = r + 5. Let u(h) = 6. Let b(m) = -5*u(m) + 6*z(m). Let y(s) = -s**2 + 9*s + 91. Let n be y(-6). What is b(n)?
6
Let q(u) be the third derivative of u**6/120 - u**5/12 + 5*u**4/24 - u**3/6 + 49*u**2. Let v = 195 - 191. Give q(v).
3
Suppose -4*q - k = -47, -1521*k + 1524*k = q + 11. Let x(f) = -2*f**3 + 21*f**2 - 14*f - 5. Give x(q).
-45
Let o(s) = 2*s**3 - 15*s**2 - 71*s - 52. Let v be o(11). Let r(k) = k**3 - 13*k**2 - 17*k + 1. Calculate r(v).
-41
Let v(z) be the third derivative of z**4/12 - z**3/3 - 95434*z**2. Let q be 2/(-6) - 8/(-6). Determine v(q).
0
Suppose 0 = -h - v - 7, h - 54 = -3*v - 55. Let p(o) = -o**2 - 9*o + 12. Determine p(h).
2
Suppose 0 = 4*u, 3*q - 12*u + 8*u + 9 = 0. Let y be 4560/35 + 2/(-7). Let g(o) = -y - 3*o + 130. Calculate g(q).
9
Let w(s) be the second derivative of -s**4/12 + 17*s**3/6 + 43*s**2/2 + 1501*s. Determine w(19).
5
Let y(c) be the first derivative of 4*c**4 + c**3/3 - c + 1359. Let r be 1*(-1 - (-1 - -1)). Determine y(r).
-16
Suppose 6*t = 8*t. Let i(f) be the second derivative of -f**4/12 + 15*f**2 - 327*f. Give i(t).
30
Let y(u) be the first derivative of u**4/4 - 7*u**3/3 + 5*u**2/2 + 4*u - 752. Determine y(6).
-2
Suppose 22*x - 125 = 205. Let r be 4 + -3*10/x. Let y(v) = 10*v - 2. Give y(r).
18
Suppose -1 + 8 = -7*h. Let i(y) = 45*y**3 - 9*y**2 + 4*y - 5. Let p(r) = -11*r**3 + 2*r**2 - r + 1. Let q(z) = -2*i(z) - 9*p(z). Give q(h).
-9
Suppose -3*y = -3*q + 6, 2*q + 7 = -5*y + 18. Let j(f) = f**2 + 224*f + 1301. Let v be j(-6). Let d be y*15/(-35)*v. Let c(b) = -2*b**2 + 4*b. Give c(d).
-6
Let k(b) = -4*b**2 + 31*b - 1. Let t(s) = 5*s**2 - 39*s. Let c(d) = 3*k(d) + 2*t(d). Determine c(10).
-53
Let i(b) = 99 - 183 - 375 + 46*b - 8*b + 52*b. Determine i(5).
-9
Suppose -5*j = -4*o - 101 + 26, -4*j - 20 = 0. Let n(k) = -k**2 - 26*k + 4. Determine n(o).
29
Let u(o) = 3*o**3 - 2*o**2 + 3*o. Let t(p) = -10*p**3 + 5*p**2 - 11*p. Let c(x) = 2*t(x) + 7*u(x). Let v be (-10)/25 - 51/(-15)*1. What is c(v)?
-12
Let c(t) be the second derivative of -t**4/12 + 7*t**3/2 - 4*t**2 - 4*t - 952. What is c(9)?
100
Suppose 6583*g + 18 = 6577*g. Let w(x) = -5*x**2 - 6. Calculate w(g).
-51
Suppose -2*d + 2*g = -d - 3, 0 = -d - g - 3. Let i(p) = 52*p**2 - 56*p - 2. Let k(z) = -26*z**2 + 26*z + 1. Let q(h) = 6*i(h) + 13*k(h). Determine q(d).
-27
Let o be 8*(4/(-18) - (-120)/54). Let l = 5 + -3. Suppose 4*p = -l*d + 4, -2*d + o = -p - p. Let i(r) = r**2 - 3*r - 3. Determine i(d).
15
Let h = -4 + 4. Let p(j) = h*j**2 - j - 3 + 0 + j**2 + 0. Suppose 0 = -74*z + 71*z - 9. Determine p(z).
9
Let z(r) = -r**3 + 34*r**2 + r + 16. Let d(l) = 2*l**3 - 61*l**2 - l - 34. Let c(y) = 3*d(y) + 5*z(y). What is c(13)?
4
Let t(b) = 20*b**2 - 6*b + 3. Let a(j) = 21*j**2 - 7*j + 4. Let w(z) = -4*a(z) + 5*t(z). Let s(i) = -i**2 + 265*i - 4447. Let k be s(18). Give w(k).
17
Suppose -n = 5*n - 60. Let f be -4 - (-38)/n - 41/(-5). Let k(j) = j**3 + 8*j**2 + 5*j - 1 - 1 + f*j**2 - 8*j**2. Calculate k(-7).
12
Suppose -10*r - 2 = 3*d - 8*r, -3*d + 3*r + 18 = 0. Let f(h) = 7*h**2 - 9*h - 16*h**2 + 12*h**2 - 2*h**d - 8 + 21. What is f(6)?
-5
Let z(k) = -8*k**2 + 8*k - 21. Let c(l) = 2*l - 4. Let j(d) = 5*c(d) - z(d). Let t = -31 + 16. Let a = t + 14. Determine j(a).
7
Let s(i) = -i**3 - 5*i**2 + 8*i. Let d be s(-6). Let p(v) = -28*v**3 - 23*v**3 + 20*v**2 - v + 41*v**3 + 2 - 8*v**2 + 11*v**3 - 5. Calculate p(d).
9
Let j(f) = -f + 16. Suppose -3 = -4*m + 9, 2*m - 14 = -2*l. Suppose i + 4*i = 4*y + 166, l*y = -16. Let b = -23 + i. Calculate j(b).
9
Let m(s) = -145*s - 1154. Let q be m(-8). Let f = -24 - -48. Let b(j) = -46*j + f*j - 3 + 24*j. Determine b(q).
9
Let v(o) = o**3 + 2*o + 2. Let g = -27658 + 27657. Determine v(g).
-1
Let m(p) = -p**2 - 23*p + 68. Let q(i) = -i**3 + 99*i**2 - 1897*i - 95. Let r be q(73). Calculate m(r).
90
Let s(x) = 4*x**3 + 20*x**2 + 8*x + 58. Let g be s(-5). Let i(a) = -a**2 + 15*a + 4. Determine i(g).
-50
Let m(b) be the third derivative of -13*b**4/24 + 13*b**3/2 + 5*b**2. Let f(w) = -3*w - 10 - 2*w + 11*w - 3*w. Let o(c) = -9*f(c) - 2*m(c). Determine o(8).
4
Let u(i) = i**3 - i - 4. Let v be u(0). Suppose y - d = 2*d + 72, -32 = -y - 5*d. Let z(w) = y - 4*w - w**2 - 31 - 31. What is z(v)?
-5
Suppose -88 = 12*k - 20*k. Suppose 0 = -3*i - 2*r + 26, 5*r - k = -6. Let g(u) = u - 18. Give g(i).
-10
Let q(w) = w**2 - 12*w - 35. Let x(v) = 254*v + 1032. Let d be x(-4). Give q(d).
29
Suppose -4*m - 4 = -6*m. Suppose -4 = -s + 2*w + 20, 0 = -m*s + 2*w + 44. Let z = s + -27. Let h(b) = b**2 + 6*b - 9. Give h(z).
-2
Let l(g) be the third derivative of g**5/60 - g**4/8 - 22*g**3/3 - 62*g**2. Let s be l(8). Let f(p) = -2*p**2 - 4*p. Give f(s).
-16
Let o = 0 - -1. Let m(h) be the first derivative of -h**5/60 + h**4/24 + 9*h**3 + 54. Let w(q) be the third derivative of m(q). Determine w(o).
-1
Let h(t) = 18*t**3 + t**2. Suppose -4*p = 2*m + 14, 3*p = 15*m - 18*m - 21. Let q be 10/10*m/7. What is h(q)?
-17
Suppose -7*a = -5 - 9. Let k(m) = -4*m + 6 + 467*m**2 + 3 + 12*m - 466*m**a. Calculate k(-6).
-3
Let x(v) = -2*v**3 - 10*v**2 - v + 4. Let r = -6629 + 6624. What is x(r)?
9
Let u(h) = -4*h**2 + 3*h**2 - 4*h + 3 - 3*h. Let w(r) = -4*r**2 - 390*r - 959. Let c be w(-95). Determine u(c).
-15
Let r(t) = 3*t**3 - 3*t**2 + t. Let o be r(2). Let i(s) be the second derivative of s**5/20 - 5*s**4/4 + 5*s**3/2 - 7*s**2 + 3*s + 98. What is i(o)?
0
Let y(d) be the second derivative of -3 - 7*d + 1/2*d**2 - 1/6*d**3. What is y(-5)?
6
Let y(t) = t. Let v be y(1). Let i be 5168/(-748)*55/(-10). Let s(j) = 2 - 4*j**2 - i*j + 40*j + v. What is s(-2)?
-17
Let s(l) = -l**3 + 6*l**2 - 5. Suppose -35*t + 24 = -186. Determine s(t).
-5
Let q(t) = -t**3 - 7*t